{"id":471,"date":"2020-06-30T10:34:10","date_gmt":"2020-06-30T08:34:10","guid":{"rendered":"http:\/\/laveglia-portovecchio.com\/?page_id=471"},"modified":"2025-10-03T10:33:34","modified_gmt":"2025-10-03T08:33:34","slug":"tarifs","status":"publish","type":"page","link":"http:\/\/laveglia-portovecchio.com\/en\/tarifs\/","title":{"rendered":"Prices"},"content":{"rendered":"<div class=\"style-393 style-local-471-c1 position-relative\" data-colibri-id=\"471-c1\">\n<p>\u00a0<\/p>\n<div id=\"initial-content\" class=\"h-section h-section-global-spacing d-flex align-items-lg-center align-items-md-center align-items-center style-394 style-local-471-c2 position-relative\" data-colibri-component=\"section\" data-colibri-id=\"471-c2\"><br \/>\n<p>\u00a0<\/p>\n<div class=\"h-section-grid-container h-section-boxed-container\">\n<p>\u00a0<\/p>\n<div class=\"h-row-container gutters-row-lg-2 gutters-row-md-2 gutters-row-0 gutters-row-v-lg-2 gutters-row-v-md-2 gutters-row-v-2 style-395 style-local-471-c3 position-relative\" data-colibri-id=\"471-c3\">\n<p>\u00a0<\/p>\n<div class=\"h-row justify-content-lg-center justify-content-md-center justify-content-center align-items-lg-stretch align-items-md-stretch align-items-stretch gutters-col-lg-2 gutters-col-md-2 gutters-col-0 gutters-col-v-lg-2 gutters-col-v-md-2 gutters-col-v-2\">\n<p>\u00a0<\/p>\n<div class=\"h-column h-column-container d-flex h-col-lg-auto h-col-md-auto h-col-auto style-396-outer style-local-471-c4-outer\">\n<div class=\"d-flex h-flex-basis h-column__inner h-px-lg-2 h-px-md-2 h-px-2 v-inner-lg-2 v-inner-md-2 v-inner-2 style-396 style-local-471-c4 position-relative\" data-colibri-id=\"471-c4\"><br \/>\n<p>\u00a0<\/p>\n<div class=\"w-100 h-y-container h-column__content h-column__v-align flex-basis-100 align-self-lg-start align-self-md-start align-self-start\">\n<p>\u00a0<\/p>\n<div class=\"style-397 style-local-471-c5 position-relative h-element\" data-colibri-id=\"471-c5\">\n<p>\u00a0<\/p>\n<div>\u00a0<\/div>\n<\/div>\n<\/div>\n<\/div>\n<\/div>\n<\/div>\n<\/div>\n<\/div>\n<\/div>\n<\/div>\n\n\n<p class=\"has-text-align-center has-text-color\" style=\"color:#676b6d\">Pour un obtenir un tarif d\u00e9finitif, merci de vous rendre sur la page                       <strong><a href=\"http:\/\/www.locationvilla-portovecchio.fr\/fr\/rentals\/48685-location-villa-vue-sur-mer-a-porto-vecchio\">Booking<\/a><\/strong> en indiquant vos dates et nombre de voyageur.<\/p>\n\n\n\n<p class=\"has-text-align-center has-text-color\" style=\"color:#666869\">Any cancellation of a reservation must be notified to the owner by registered letter.<\/p>\n\n\n\n<p class=\"has-text-align-left has-text-color\" style=\"color:#6a6c6d\">1. Cancellation more than 90 days before the start of the stay: a lump sum of \u20ac 100 will be retained on the deposit.\n                      <br>2. Cancellation between 90 and 30 days before the start of the stay, it will be retained 30% of the price of the stay.\n                      <br>3. Cancellation between the 30th day and the date of arrival and except in cases of force majeure duly justified, the entire amount of the rental will be acquired to the owner.\n                      <br>Any stay interrupted or shortened, or any benefit not consumed, does not give rise to any reimbursement, even in the event of illness, accident, unforeseen event or repatriation.<\/p>\n\n\n\n<div class=\"wp-block-buttons is-content-justification-center is-layout-flex wp-container-1\">\n<div class=\"wp-block-button\"><a class=\"wp-block-button__link wp-element-button\">Les prestations <\/a><\/div>\n<\/div>\n\n\n\n<p>Dans notre tarif&nbsp;, les services suivants sont inclus&nbsp;:<\/p>\n\n\n\n<p>\u2013&nbsp;&nbsp;&nbsp;&nbsp;&nbsp;&nbsp; Panier d\u2019accueil avec des produits locaux<\/p>\n\n\n\n<p>\u2013&nbsp;&nbsp;&nbsp;&nbsp;&nbsp;&nbsp; Fourniture des draps de lits et taies d\u2019oreillers<\/p>\n\n\n\n<p>\u2013&nbsp;&nbsp;&nbsp;&nbsp;&nbsp;&nbsp; Literies dress\u00e9es \u00e0 votre arriv\u00e9e<\/p>\n\n\n\n<p>\u2013&nbsp;&nbsp;&nbsp;&nbsp;&nbsp;&nbsp; Linge de toilette dans chaque salle de bains<\/p>\n\n\n\n<p>\u2013&nbsp;&nbsp;&nbsp;&nbsp;&nbsp;&nbsp; Fourniture des torchons de cuisine<\/p>\n\n\n\n<p>\u2013&nbsp;&nbsp;&nbsp;&nbsp;&nbsp;&nbsp; Le m\u00e9nage de fin de s\u00e9jour ( la maison doit \u00eatre restitu\u00e9 \u00ab\u00a0propre\u00a0\u00bb) <\/p>\n\n\n\n<p>\u2013&nbsp;&nbsp;&nbsp;&nbsp;&nbsp;&nbsp; Le m\u00e9nage&nbsp;r\u00e9gulier&nbsp;(avec suppl\u00e9ment des d\u00e9bours)<\/p>\n\n\n\n<p>\u2013&nbsp;&nbsp;&nbsp;&nbsp;&nbsp;&nbsp; Le nettoyage et l\u2019entretien r\u00e9gulier de la piscine<\/p>\n\n\n\n<p>\u2013&nbsp;&nbsp;&nbsp;&nbsp;&nbsp;&nbsp; Le nettoyage r\u00e9gulier du barbecue<\/p>\n\n\n\n<p>\u2013&nbsp;&nbsp;&nbsp;&nbsp;&nbsp;&nbsp; L\u2019Internet WIFI<\/p>\n\n\n\n<p>\u2013&nbsp;&nbsp;&nbsp;&nbsp;&nbsp;&nbsp; La taxe de s\u00e9jour<\/p>\n\n\n\n<p>\u2013&nbsp;&nbsp;&nbsp;&nbsp;&nbsp;&nbsp; La TVA (au taux de 2,10%)<\/p>\n\n\n<p><\/p>\n<p><\/p>\n<div id=\"custom\" class=\"h-section h-section-global-spacing d-flex align-items-lg-center align-items-md-center align-items-center style-398 style-local-471-c6 position-relative\" data-colibri-component=\"section\" data-colibri-id=\"471-c6\">\n<div class=\"h-separator\" style=\"height: 120px; bottom: calc(0px);\">&nbsp;<\/div>\n<div class=\"h-section-grid-container h-section-boxed-container\">\n<div class=\"h-row-container gutters-row-lg-2 gutters-row-md-2 gutters-row-0 gutters-row-v-lg-2 gutters-row-v-md-2 gutters-row-v-2 style-399 style-local-471-c7 position-relative\" data-colibri-id=\"471-c7\">\n<div class=\"h-row justify-content-lg-center justify-content-md-center justify-content-center align-items-lg-stretch align-items-md-stretch align-items-stretch gutters-col-lg-2 gutters-col-md-2 gutters-col-0 gutters-col-v-lg-2 gutters-col-v-md-2 gutters-col-v-2\">\n<div class=\"h-column h-column-container d-flex h-col-lg-auto h-col-md-auto h-col-auto style-400-outer style-local-471-c8-outer\">\n<div class=\"d-flex h-flex-basis h-column__inner h-px-lg-2 h-px-md-2 h-px-2 v-inner-lg-2 v-inner-md-2 v-inner-2 style-400 style-local-471-c8 position-relative\" data-colibri-id=\"471-c8\">\n<div class=\"w-100 h-y-container h-column__content h-column__v-align flex-basis-100 align-self-lg-start align-self-md-start align-self-start\">\n<div class=\"h-x-container style-401 style-local-471-c9 position-relative h-element\" data-colibri-id=\"471-c9\">\n<div class=\"h-x-container-inner style-dynamic-471-c9-group style-401-spacing style-local-471-c9-spacing\"><span class=\"h-button__outer style-402-outer style-local-471-c10-outer d-inline-flex h-element\"><a class=\"d-flex w-100 align-items-center h-button justify-content-lg-center justify-content-md-center justify-content-center style-402 style-local-471-c10 position-relative\" href=\"http:\/\/www.locationvilla-portovecchio.fr\/fr\/rentals\/48685-location-villa-vue-sur-mer-a-porto-vecchio\" data-colibri-id=\"471-c10\"> Book now<\/a><br><\/span><\/div>\n<p><\/p>\n<\/div>\n<\/div>\n<\/div>\n<\/div>\n<\/div>\n<\/div>\n<\/div>\n<\/div>","protected":false},"excerpt":{"rendered":"<p>\u00a0 \u00a0 \u00a0 \u00a0 \u00a0 \u00a0 \u00a0 \u00a0 \u00a0 Pour un obtenir un tarif d\u00e9finitif, merci de vous rendre sur la page r\u00e9servation en indiquant vos dates et nombre de voyageur. Toute annulation d\u2019une r\u00e9servation doit \u00eatre notifi\u00e9e au propri\u00e9taire par lettre recommand\u00e9e. 1. Annulation plus de 90 jours avant le d\u00e9but du s\u00e9jour : [&hellip;]<\/p>","protected":false},"author":1,"featured_media":0,"parent":0,"menu_order":0,"comment_status":"closed","ping_status":"closed","template":"page-templates\/full-width-page.php","meta":[],"_links":{"self":[{"href":"http:\/\/laveglia-portovecchio.com\/en\/wp-json\/wp\/v2\/pages\/471"}],"collection":[{"href":"http:\/\/laveglia-portovecchio.com\/en\/wp-json\/wp\/v2\/pages"}],"about":[{"href":"http:\/\/laveglia-portovecchio.com\/en\/wp-json\/wp\/v2\/types\/page"}],"author":[{"embeddable":true,"href":"http:\/\/laveglia-portovecchio.com\/en\/wp-json\/wp\/v2\/users\/1"}],"replies":[{"embeddable":true,"href":"http:\/\/laveglia-portovecchio.com\/en\/wp-json\/wp\/v2\/comments?post=471"}],"version-history":[{"count":10,"href":"http:\/\/laveglia-portovecchio.com\/en\/wp-json\/wp\/v2\/pages\/471\/revisions"}],"predecessor-version":[{"id":690,"href":"http:\/\/laveglia-portovecchio.com\/en\/wp-json\/wp\/v2\/pages\/471\/revisions\/690"}],"wp:attachment":[{"href":"http:\/\/laveglia-portovecchio.com\/en\/wp-json\/wp\/v2\/media?parent=471"}],"curies":[{"name":"wp","href":"https:\/\/api.w.org\/{rel}","templated":true}]}}

<div class="style-393 style-local-471-c1 position-relative" data-colibri-id="471-c1">
<p> </p>
<div id="initial-content" class="h-section h-section-global-spacing d-flex align-items-lg-center align-items-md-center align-items-center style-394 style-local-471-c2 position-relative" data-colibri-component="section" data-colibri-id="471-c2"><br />
<p> </p>
<div class="h-section-grid-container h-section-boxed-container">
<p> </p>
<div class="h-row-container gutters-row-lg-2 gutters-row-md-2 gutters-row-0 gutters-row-v-lg-2 gutters-row-v-md-2 gutters-row-v-2 style-395 style-local-471-c3 position-relative" data-colibri-id="471-c3">
<p> </p>
<div class="h-row justify-content-lg-center justify-content-md-center justify-content-center align-items-lg-stretch align-items-md-stretch align-items-stretch gutters-col-lg-2 gutters-col-md-2 gutters-col-0 gutters-col-v-lg-2 gutters-col-v-md-2 gutters-col-v-2">
<p> </p>
<div class="h-column h-column-container d-flex h-col-lg-auto h-col-md-auto h-col-auto style-396-outer style-local-471-c4-outer">
<div class="d-flex h-flex-basis h-column__inner h-px-lg-2 h-px-md-2 h-px-2 v-inner-lg-2 v-inner-md-2 v-inner-2 style-396 style-local-471-c4 position-relative" data-colibri-id="471-c4"><br />
<p> </p>
<div class="w-100 h-y-container h-column__content h-column__v-align flex-basis-100 align-self-lg-start align-self-md-start align-self-start">
<p> </p>
<div class="style-397 style-local-471-c5 position-relative h-element" data-colibri-id="471-c5">
<p> </p>
<div> </div>
</div>
</div>
</div>
</div>
</div>
</div>
</div>
</div>
</div>


<p class="has-text-align-center has-text-color" style="color:#676b6d">Pour un obtenir un tarif définitif, merci de vous rendre sur la page                       <strong><a href="http://www.locationvilla-portovecchio.fr/fr/rentals/48685-location-villa-vue-sur-mer-a-porto-vecchio">Booking</a></strong> en indiquant vos dates et nombre de voyageur.</p>



<p class="has-text-align-center has-text-color" style="color:#666869">Any cancellation of a reservation must be notified to the owner by registered letter.</p>



<p class="has-text-align-left has-text-color" style="color:#6a6c6d">1. Cancellation more than 90 days before the start of the stay: a lump sum of € 100 will be retained on the deposit.
                      <br>2. Cancellation between 90 and 30 days before the start of the stay, it will be retained 30% of the price of the stay.
                      <br>3. Cancellation between the 30th day and the date of arrival and except in cases of force majeure duly justified, the entire amount of the rental will be acquired to the owner.
                      <br>Any stay interrupted or shortened, or any benefit not consumed, does not give rise to any reimbursement, even in the event of illness, accident, unforeseen event or repatriation.</p>



<div class="wp-block-buttons is-content-justification-center is-layout-flex wp-container-1">
<div class="wp-block-button"><a class="wp-block-button__link wp-element-button">Les prestations </a></div>
</div>



<p>Dans notre tarif&nbsp;, les services suivants sont inclus&nbsp;:</p>



<p>–&nbsp;&nbsp;&nbsp;&nbsp;&nbsp;&nbsp; Panier d’accueil avec des produits locaux</p>



<p>–&nbsp;&nbsp;&nbsp;&nbsp;&nbsp;&nbsp; Fourniture des draps de lits et taies d’oreillers</p>



<p>–&nbsp;&nbsp;&nbsp;&nbsp;&nbsp;&nbsp; Literies dressées à votre arrivée</p>



<p>–&nbsp;&nbsp;&nbsp;&nbsp;&nbsp;&nbsp; Linge de toilette dans chaque salle de bains</p>



<p>–&nbsp;&nbsp;&nbsp;&nbsp;&nbsp;&nbsp; Fourniture des torchons de cuisine</p>



<p>–&nbsp;&nbsp;&nbsp;&nbsp;&nbsp;&nbsp; Le ménage de fin de séjour ( la maison doit être restitué « propre ») </p>



<p>–&nbsp;&nbsp;&nbsp;&nbsp;&nbsp;&nbsp; Le ménage&nbsp;régulier&nbsp;(avec supplément des débours)</p>



<p>–&nbsp;&nbsp;&nbsp;&nbsp;&nbsp;&nbsp; Le nettoyage et l’entretien régulier de la piscine</p>



<p>–&nbsp;&nbsp;&nbsp;&nbsp;&nbsp;&nbsp; Le nettoyage régulier du barbecue</p>



<p>–&nbsp;&nbsp;&nbsp;&nbsp;&nbsp;&nbsp; L’Internet WIFI</p>



<p>–&nbsp;&nbsp;&nbsp;&nbsp;&nbsp;&nbsp; La taxe de séjour</p>



<p>–&nbsp;&nbsp;&nbsp;&nbsp;&nbsp;&nbsp; La TVA (au taux de 2,10%)</p>


<p></p>
<p></p>
<div id="custom" class="h-section h-section-global-spacing d-flex align-items-lg-center align-items-md-center align-items-center style-398 style-local-471-c6 position-relative" data-colibri-component="section" data-colibri-id="471-c6">
<div class="h-separator" style="height: 120px; bottom: calc(0px);">&nbsp;</div>
<div class="h-section-grid-container h-section-boxed-container">
<div class="h-row-container gutters-row-lg-2 gutters-row-md-2 gutters-row-0 gutters-row-v-lg-2 gutters-row-v-md-2 gutters-row-v-2 style-399 style-local-471-c7 position-relative" data-colibri-id="471-c7">
<div class="h-row justify-content-lg-center justify-content-md-center justify-content-center align-items-lg-stretch align-items-md-stretch align-items-stretch gutters-col-lg-2 gutters-col-md-2 gutters-col-0 gutters-col-v-lg-2 gutters-col-v-md-2 gutters-col-v-2">
<div class="h-column h-column-container d-flex h-col-lg-auto h-col-md-auto h-col-auto style-400-outer style-local-471-c8-outer">
<div class="d-flex h-flex-basis h-column__inner h-px-lg-2 h-px-md-2 h-px-2 v-inner-lg-2 v-inner-md-2 v-inner-2 style-400 style-local-471-c8 position-relative" data-colibri-id="471-c8">
<div class="w-100 h-y-container h-column__content h-column__v-align flex-basis-100 align-self-lg-start align-self-md-start align-self-start">
<div class="h-x-container style-401 style-local-471-c9 position-relative h-element" data-colibri-id="471-c9">
<div class="h-x-container-inner style-dynamic-471-c9-group style-401-spacing style-local-471-c9-spacing"><span class="h-button__outer style-402-outer style-local-471-c10-outer d-inline-flex h-element"><a class="d-flex w-100 align-items-center h-button justify-content-lg-center justify-content-md-center justify-content-center style-402 style-local-471-c10 position-relative" href="http://www.locationvilla-portovecchio.fr/fr/rentals/48685-location-villa-vue-sur-mer-a-porto-vecchio" data-colibri-id="471-c10"> Book now</a><br></span></div>
<p></p>
</div>
</div>
</div>
</div>
</div>
</div>
</div>
</div>

<p>                  Pour un obtenir un tarif définitif, merci de vous rendre sur la page réservation en indiquant vos dates et nombre de voyageur. Toute annulation d’une réservation doit être notifiée au propriétaire par lettre recommandée. 1. Annulation plus de 90 jours avant le début du séjour : [&hellip;]</p>
